{"id":117,"date":"2024-06-03T07:43:47","date_gmt":"2024-06-03T05:43:47","guid":{"rendered":"http:\/\/www.1-grundschule-hermsdorf.de\/wordpress\/?page_id=117"},"modified":"2026-02-20T10:26:26","modified_gmt":"2026-02-20T09:26:26","slug":"der-hort","status":"publish","type":"page","link":"http:\/\/www.1-grundschule-hermsdorf.de\/wordpress\/der-hort\/","title":{"rendered":"Der Hort"},"content":{"rendered":"\n<p>Unser Schulhort hat w\u00e4hrend der Schulzeit t\u00e4glich von 6.00 Uhr- 16.30 Uhr ge\u00f6ffnet.<br>Neben den allt\u00e4glichen Betreuungs- und Besch\u00e4ftigungsangebote finden in diesem Schuljahr folgende Aktivit\u00e4ten statt:<\/p>\n\n\n\n<h1 class=\"wp-block-heading\">Aktivit\u00e4ten<\/h1>\n\n\n\n<p>Kreatives Gestalten, Yoga, Theater-AG, Leseclub, Bibo-Zeit, Aktionstag<\/p>\n\n\n\n<h1 class=\"wp-block-heading\">Ferien<\/h1>\n\n\n\n<p>Die \u00d6ffnungs- bzw. Schlie\u00dfzeiten des Hortes w\u00e4hrend der Ferien erfragen Sie bitte per Mail: gs.1.hermsdorf@sv.lrashk.de<\/p>\n\n\n\n<p>Bitte beachten Sie unbedingt die festgelegten Abgabetermine f\u00fcr die Ferienanmeldungen. Nicht termingerecht abgegebene Anmeldungen k\u00f6nnen keine Ber\u00fccksichtigung finden, da unser Personaleinsatz im Vorfeld dem jeweiligen Bedarf angepasst wird oder auch Aktivit\u00e4ten mit festgelegtem Teilnehmerkreis geplant sind (z.B. Tagesfahrten).<\/p>\n\n\n\n<p>W\u00e4hrend der Ferien hat unser Hort von 7:00 \u2013 16:00 Uhr ge\u00f6ffnet.<\/p>\n","protected":false},"excerpt":{"rendered":"<p>Unser Schulhort hat w\u00e4hrend der Schulzeit t\u00e4glich von 6.00 Uhr- 16.30 Uhr ge\u00f6ffnet.Neben den allt\u00e4glichen Betreuungs- und Besch\u00e4ftigungsangebote finden in diesem Schuljahr folgende Aktivit\u00e4ten statt: Aktivit\u00e4ten Kreatives Gestalten, Yoga, Theater-AG, Leseclub, Bibo-Zeit, Aktionstag Ferien Die \u00d6ffnungs- bzw. Schlie\u00dfzeiten des Hortes &hellip; <a href=\"http:\/\/www.1-grundschule-hermsdorf.de\/wordpress\/der-hort\/\">Weiter<\/a><\/p>\n","protected":false},"author":1,"featured_media":0,"parent":0,"menu_order":0,"comment_status":"closed","ping_status":"closed","template":"","meta":{"kt_blocks_editor_width":"","footnotes":""},"yoast_head":"<!-- This site is optimized with the Yoast SEO plugin v23.3 - https:\/\/yoast.com\/wordpress\/plugins\/seo\/ -->\n<title>Der Hort - Staatliche Grundschule Hermsdorf<\/title>\n<meta name=\"robots\" content=\"index, follow, max-snippet:-1, max-image-preview:large, max-video-preview:-1\" \/>\n<link rel=\"canonical\" href=\"http:\/\/www.1-grundschule-hermsdorf.de\/wordpress\/der-hort\/\" \/>\n<meta property=\"og:locale\" content=\"de_DE\" \/>\n<meta property=\"og:type\" content=\"article\" \/>\n<meta property=\"og:title\" content=\"Der Hort - Staatliche Grundschule Hermsdorf\" \/>\n<meta property=\"og:description\" content=\"Unser Schulhort hat w\u00e4hrend der Schulzeit t\u00e4glich von 6.00 Uhr- 16.30 Uhr ge\u00f6ffnet.Neben den allt\u00e4glichen Betreuungs- und Besch\u00e4ftigungsangebote finden in diesem Schuljahr folgende Aktivit\u00e4ten statt: Aktivit\u00e4ten Kreatives Gestalten, Yoga, Theater-AG, Leseclub, Bibo-Zeit, Aktionstag Ferien Die \u00d6ffnungs- bzw. Schlie\u00dfzeiten des Hortes &hellip; Weiter\" \/>\n<meta property=\"og:url\" content=\"http:\/\/www.1-grundschule-hermsdorf.de\/wordpress\/der-hort\/\" \/>\n<meta property=\"og:site_name\" content=\"Staatliche Grundschule Hermsdorf\" \/>\n<meta property=\"article:modified_time\" content=\"2026-02-20T09:26:26+00:00\" \/>\n<meta name=\"twitter:card\" content=\"summary_large_image\" \/>\n<meta name=\"twitter:label1\" content=\"Est. reading time\" \/>\n\t<meta name=\"twitter:data1\" content=\"1 Minute\" \/>\n<script type=\"application\/ld+json\" class=\"yoast-schema-graph\">{\"@context\":\"https:\/\/schema.org\",\"@graph\":[{\"@type\":\"WebPage\",\"@id\":\"http:\/\/www.1-grundschule-hermsdorf.de\/wordpress\/der-hort\/\",\"url\":\"http:\/\/www.1-grundschule-hermsdorf.de\/wordpress\/der-hort\/\",\"name\":\"Der Hort - Staatliche Grundschule Hermsdorf\",\"isPartOf\":{\"@id\":\"http:\/\/www.1-grundschule-hermsdorf.de\/wordpress\/#website\"},\"datePublished\":\"2024-06-03T05:43:47+00:00\",\"dateModified\":\"2026-02-20T09:26:26+00:00\",\"breadcrumb\":{\"@id\":\"http:\/\/www.1-grundschule-hermsdorf.de\/wordpress\/der-hort\/#breadcrumb\"},\"inLanguage\":\"de-DE\",\"potentialAction\":[{\"@type\":\"ReadAction\",\"target\":[\"http:\/\/www.1-grundschule-hermsdorf.de\/wordpress\/der-hort\/\"]}]},{\"@type\":\"BreadcrumbList\",\"@id\":\"http:\/\/www.1-grundschule-hermsdorf.de\/wordpress\/der-hort\/#breadcrumb\",\"itemListElement\":[{\"@type\":\"ListItem\",\"position\":1,\"name\":\"Home\",\"item\":\"http:\/\/www.1-grundschule-hermsdorf.de\/wordpress\/\"},{\"@type\":\"ListItem\",\"position\":2,\"name\":\"Der Hort\"}]},{\"@type\":\"WebSite\",\"@id\":\"http:\/\/www.1-grundschule-hermsdorf.de\/wordpress\/#website\",\"url\":\"http:\/\/www.1-grundschule-hermsdorf.de\/wordpress\/\",\"name\":\"Staatliche Grundschule Hermsdorf\",\"description\":\"\",\"publisher\":{\"@id\":\"http:\/\/www.1-grundschule-hermsdorf.de\/wordpress\/#organization\"},\"potentialAction\":[{\"@type\":\"SearchAction\",\"target\":{\"@type\":\"EntryPoint\",\"urlTemplate\":\"http:\/\/www.1-grundschule-hermsdorf.de\/wordpress\/?s={search_term_string}\"},\"query-input\":\"required name=search_term_string\"}],\"inLanguage\":\"de-DE\"},{\"@type\":\"Organization\",\"@id\":\"http:\/\/www.1-grundschule-hermsdorf.de\/wordpress\/#organization\",\"name\":\"Staatliche Grundschule Hermsdorf\",\"url\":\"http:\/\/www.1-grundschule-hermsdorf.de\/wordpress\/\",\"logo\":{\"@type\":\"ImageObject\",\"inLanguage\":\"de-DE\",\"@id\":\"http:\/\/www.1-grundschule-hermsdorf.de\/wordpress\/#\/schema\/logo\/image\/\",\"url\":\"http:\/\/www.1-grundschule-hermsdorf.de\/wordpress\/wp-content\/uploads\/2024\/05\/cropped-logo_schule.png\",\"contentUrl\":\"http:\/\/www.1-grundschule-hermsdorf.de\/wordpress\/wp-content\/uploads\/2024\/05\/cropped-logo_schule.png\",\"width\":2165,\"height\":2185,\"caption\":\"Staatliche Grundschule Hermsdorf\"},\"image\":{\"@id\":\"http:\/\/www.1-grundschule-hermsdorf.de\/wordpress\/#\/schema\/logo\/image\/\"}}]}<\/script>\n<!-- \/ Yoast SEO plugin. -->","yoast_head_json":{"title":"Der Hort - Staatliche Grundschule Hermsdorf","robots":{"index":"index","follow":"follow","max-snippet":"max-snippet:-1","max-image-preview":"max-image-preview:large","max-video-preview":"max-video-preview:-1"},"canonical":"http:\/\/www.1-grundschule-hermsdorf.de\/wordpress\/der-hort\/","og_locale":"de_DE","og_type":"article","og_title":"Der Hort - Staatliche Grundschule Hermsdorf","og_description":"Unser Schulhort hat w\u00e4hrend der Schulzeit t\u00e4glich von 6.00 Uhr- 16.30 Uhr ge\u00f6ffnet.Neben den allt\u00e4glichen Betreuungs- und Besch\u00e4ftigungsangebote finden in diesem Schuljahr folgende Aktivit\u00e4ten statt: Aktivit\u00e4ten Kreatives Gestalten, Yoga, Theater-AG, Leseclub, Bibo-Zeit, Aktionstag Ferien Die \u00d6ffnungs- bzw. Schlie\u00dfzeiten des Hortes &hellip; Weiter","og_url":"http:\/\/www.1-grundschule-hermsdorf.de\/wordpress\/der-hort\/","og_site_name":"Staatliche Grundschule Hermsdorf","article_modified_time":"2026-02-20T09:26:26+00:00","twitter_card":"summary_large_image","twitter_misc":{"Est. reading time":"1 Minute"},"schema":{"@context":"https:\/\/schema.org","@graph":[{"@type":"WebPage","@id":"http:\/\/www.1-grundschule-hermsdorf.de\/wordpress\/der-hort\/","url":"http:\/\/www.1-grundschule-hermsdorf.de\/wordpress\/der-hort\/","name":"Der Hort - Staatliche Grundschule Hermsdorf","isPartOf":{"@id":"http:\/\/www.1-grundschule-hermsdorf.de\/wordpress\/#website"},"datePublished":"2024-06-03T05:43:47+00:00","dateModified":"2026-02-20T09:26:26+00:00","breadcrumb":{"@id":"http:\/\/www.1-grundschule-hermsdorf.de\/wordpress\/der-hort\/#breadcrumb"},"inLanguage":"de-DE","potentialAction":[{"@type":"ReadAction","target":["http:\/\/www.1-grundschule-hermsdorf.de\/wordpress\/der-hort\/"]}]},{"@type":"BreadcrumbList","@id":"http:\/\/www.1-grundschule-hermsdorf.de\/wordpress\/der-hort\/#breadcrumb","itemListElement":[{"@type":"ListItem","position":1,"name":"Home","item":"http:\/\/www.1-grundschule-hermsdorf.de\/wordpress\/"},{"@type":"ListItem","position":2,"name":"Der Hort"}]},{"@type":"WebSite","@id":"http:\/\/www.1-grundschule-hermsdorf.de\/wordpress\/#website","url":"http:\/\/www.1-grundschule-hermsdorf.de\/wordpress\/","name":"Staatliche Grundschule Hermsdorf","description":"","publisher":{"@id":"http:\/\/www.1-grundschule-hermsdorf.de\/wordpress\/#organization"},"potentialAction":[{"@type":"SearchAction","target":{"@type":"EntryPoint","urlTemplate":"http:\/\/www.1-grundschule-hermsdorf.de\/wordpress\/?s={search_term_string}"},"query-input":"required name=search_term_string"}],"inLanguage":"de-DE"},{"@type":"Organization","@id":"http:\/\/www.1-grundschule-hermsdorf.de\/wordpress\/#organization","name":"Staatliche Grundschule Hermsdorf","url":"http:\/\/www.1-grundschule-hermsdorf.de\/wordpress\/","logo":{"@type":"ImageObject","inLanguage":"de-DE","@id":"http:\/\/www.1-grundschule-hermsdorf.de\/wordpress\/#\/schema\/logo\/image\/","url":"http:\/\/www.1-grundschule-hermsdorf.de\/wordpress\/wp-content\/uploads\/2024\/05\/cropped-logo_schule.png","contentUrl":"http:\/\/www.1-grundschule-hermsdorf.de\/wordpress\/wp-content\/uploads\/2024\/05\/cropped-logo_schule.png","width":2165,"height":2185,"caption":"Staatliche Grundschule Hermsdorf"},"image":{"@id":"http:\/\/www.1-grundschule-hermsdorf.de\/wordpress\/#\/schema\/logo\/image\/"}}]}},"_links":{"self":[{"href":"http:\/\/www.1-grundschule-hermsdorf.de\/wordpress\/wp-json\/wp\/v2\/pages\/117"}],"collection":[{"href":"http:\/\/www.1-grundschule-hermsdorf.de\/wordpress\/wp-json\/wp\/v2\/pages"}],"about":[{"href":"http:\/\/www.1-grundschule-hermsdorf.de\/wordpress\/wp-json\/wp\/v2\/types\/page"}],"author":[{"embeddable":true,"href":"http:\/\/www.1-grundschule-hermsdorf.de\/wordpress\/wp-json\/wp\/v2\/users\/1"}],"replies":[{"embeddable":true,"href":"http:\/\/www.1-grundschule-hermsdorf.de\/wordpress\/wp-json\/wp\/v2\/comments?post=117"}],"version-history":[{"count":13,"href":"http:\/\/www.1-grundschule-hermsdorf.de\/wordpress\/wp-json\/wp\/v2\/pages\/117\/revisions"}],"predecessor-version":[{"id":319,"href":"http:\/\/www.1-grundschule-hermsdorf.de\/wordpress\/wp-json\/wp\/v2\/pages\/117\/revisions\/319"}],"wp:attachment":[{"href":"http:\/\/www.1-grundschule-hermsdorf.de\/wordpress\/wp-json\/wp\/v2\/media?parent=117"}],"curies":[{"name":"wp","href":"https:\/\/api.w.org\/{rel}","templated":true}]}}

<p>Unser Schulhort hat während der Schulzeit täglich von 6.00 Uhr- 16.30 Uhr geöffnet.<br>Neben den alltäglichen Betreuungs- und Beschäftigungsangebote finden in diesem Schuljahr folgende Aktivitäten statt:</p>



<h1 class="wp-block-heading">Aktivitäten</h1>



<p>Kreatives Gestalten, Yoga, Theater-AG, Leseclub, Bibo-Zeit, Aktionstag</p>



<h1 class="wp-block-heading">Ferien</h1>



<p>Die Öffnungs- bzw. Schließzeiten des Hortes während der Ferien erfragen Sie bitte per Mail: gs.1.hermsdorf@sv.lrashk.de</p>



<p>Bitte beachten Sie unbedingt die festgelegten Abgabetermine für die Ferienanmeldungen. Nicht termingerecht abgegebene Anmeldungen können keine Berücksichtigung finden, da unser Personaleinsatz im Vorfeld dem jeweiligen Bedarf angepasst wird oder auch Aktivitäten mit festgelegtem Teilnehmerkreis geplant sind (z.B. Tagesfahrten).</p>



<p>Während der Ferien hat unser Hort von 7:00 – 16:00 Uhr geöffnet.</p>

<p>Unser Schulhort hat während der Schulzeit täglich von 6.00 Uhr- 16.30 Uhr geöffnet.Neben den alltäglichen Betreuungs- und Beschäftigungsangebote finden in diesem Schuljahr folgende Aktivitäten statt: Aktivitäten Kreatives Gestalten, Yoga, Theater-AG, Leseclub, Bibo-Zeit, Aktionstag Ferien Die Öffnungs- bzw. Schließzeiten des Hortes &hellip; <a href="http://www.1-grundschule-hermsdorf.de/wordpress/der-hort/">Weiter</a></p>

<!-- This site is optimized with the Yoast SEO plugin v23.3 - https://yoast.com/wordpress/plugins/seo/ -->
<title>Der Hort - Staatliche Grundschule Hermsdorf</title>
<meta name="robots" content="index, follow, max-snippet:-1, max-image-preview:large, max-video-preview:-1" />
<link rel="canonical" href="http://www.1-grundschule-hermsdorf.de/wordpress/der-hort/" />
<meta property="og:locale" content="de_DE" />
<meta property="og:type" content="article" />
<meta property="og:title" content="Der Hort - Staatliche Grundschule Hermsdorf" />
<meta property="og:description" content="Unser Schulhort hat während der Schulzeit täglich von 6.00 Uhr- 16.30 Uhr geöffnet.Neben den alltäglichen Betreuungs- und Beschäftigungsangebote finden in diesem Schuljahr folgende Aktivitäten statt: Aktivitäten Kreatives Gestalten, Yoga, Theater-AG, Leseclub, Bibo-Zeit, Aktionstag Ferien Die Öffnungs- bzw. Schließzeiten des Hortes &hellip; Weiter" />
<meta property="og:url" content="http://www.1-grundschule-hermsdorf.de/wordpress/der-hort/" />
<meta property="og:site_name" content="Staatliche Grundschule Hermsdorf" />
<meta property="article:modified_time" content="2026-02-20T09:26:26+00:00" />
<meta name="twitter:card" content="summary_large_image" />
<meta name="twitter:label1" content="Est. reading time" />
	<meta name="twitter:data1" content="1 Minute" />
<script type="application/ld+json" class="yoast-schema-graph">{"@context":"https://schema.org","@graph":[{"@type":"WebPage","@id":"http://www.1-grundschule-hermsdorf.de/wordpress/der-hort/","url":"http://www.1-grundschule-hermsdorf.de/wordpress/der-hort/","name":"Der Hort - Staatliche Grundschule Hermsdorf","isPartOf":{"@id":"http://www.1-grundschule-hermsdorf.de/wordpress/#website"},"datePublished":"2024-06-03T05:43:47+00:00","dateModified":"2026-02-20T09:26:26+00:00","breadcrumb":{"@id":"http://www.1-grundschule-hermsdorf.de/wordpress/der-hort/#breadcrumb"},"inLanguage":"de-DE","potentialAction":[{"@type":"ReadAction","target":["http://www.1-grundschule-hermsdorf.de/wordpress/der-hort/"]}]},{"@type":"BreadcrumbList","@id":"http://www.1-grundschule-hermsdorf.de/wordpress/der-hort/#breadcrumb","itemListElement":[{"@type":"ListItem","position":1,"name":"Home","item":"http://www.1-grundschule-hermsdorf.de/wordpress/"},{"@type":"ListItem","position":2,"name":"Der Hort"}]},{"@type":"WebSite","@id":"http://www.1-grundschule-hermsdorf.de/wordpress/#website","url":"http://www.1-grundschule-hermsdorf.de/wordpress/","name":"Staatliche Grundschule Hermsdorf","description":"","publisher":{"@id":"http://www.1-grundschule-hermsdorf.de/wordpress/#organization"},"potentialAction":[{"@type":"SearchAction","target":{"@type":"EntryPoint","urlTemplate":"http://www.1-grundschule-hermsdorf.de/wordpress/?s={search_term_string}"},"query-input":"required name=search_term_string"}],"inLanguage":"de-DE"},{"@type":"Organization","@id":"http://www.1-grundschule-hermsdorf.de/wordpress/#organization","name":"Staatliche Grundschule Hermsdorf","url":"http://www.1-grundschule-hermsdorf.de/wordpress/","logo":{"@type":"ImageObject","inLanguage":"de-DE","@id":"http://www.1-grundschule-hermsdorf.de/wordpress/#/schema/logo/image/","url":"http://www.1-grundschule-hermsdorf.de/wordpress/wp-content/uploads/2024/05/cropped-logo_schule.png","contentUrl":"http://www.1-grundschule-hermsdorf.de/wordpress/wp-content/uploads/2024/05/cropped-logo_schule.png","width":2165,"height":2185,"caption":"Staatliche Grundschule Hermsdorf"},"image":{"@id":"http://www.1-grundschule-hermsdorf.de/wordpress/#/schema/logo/image/"}}]}</script>
<!-- / Yoast SEO plugin. -->

Unser Schulhort hat während der Schulzeit täglich von 6.00 Uhr- 16.30 Uhr geöffnet.Neben den alltäglichen Betreuungs- und Beschäftigungsangebote finden in diesem Schuljahr folgende Aktivitäten statt: Aktivitäten Kreatives Gestalten, Yoga, Theater-AG, Leseclub, Bibo-Zeit, Aktionstag Ferien Die Öffnungs- bzw. Schließzeiten des Hortes &hellip; Weiter
